{"id":141,"date":"2012-11-06T13:43:31","date_gmt":"2012-11-06T12:43:31","guid":{"rendered":"http:\/\/serwer1446615.home.pl\/hosting\/ibnpdem\/?page_id=141"},"modified":"2012-11-06T13:45:15","modified_gmt":"2012-11-06T12:45:15","slug":"fundatorzy","status":"publish","type":"page","link":"http:\/\/www.ibpdem.edu.pl\/?page_id=141","title":{"rendered":"Fundatorzy"},"content":{"rendered":"<div><img loading=\"lazy\" decoding=\"async\" src=\"http:\/\/www.ibpdem.edu.pl\/media\/foto\/wladze\/-3__jpg_65x100_q85.jpg\" alt=\"\" width=\"65\" height=\"97\" \/><\/div>\n<div>\n<h4>Miros\u0142awa Helena Grabowska<\/h4>\n<p>Miros\u0142awa Grabowska, doktor habilitowany.<br \/>\nW okresie 1975-89 zwi\u0105zana z opozycj\u0105 demokratyczn\u0105 (m.in. w okresie 1982-89 cz\u0142onek redakcji podziemnego Kwartalnika Politycznego \u201cKrytyka\u201d).<br \/>\nOd 1980 r. pracuje w Instytucie Sociologii Uniwersytetu Warszawskiego. Jest cz\u0142onkiem (za\u0142o\u017cycielem w 1995 roku) Instytutu Bada\u0144 nad Podstawami Demokracji. W 2008 r. obj\u0119\u0142a stanowisko dyrektora Centrum Badania Opinii Spo\u0142ecznej.<br \/>\nJako visiting fellow przebywa\u0142a na Uniwersytecie Stanforda (USA) w 1990 roku, w Institute for Advanced Study w Princeton (USA) w roku 1993\/94, a roku w 1999\/2000 naucza\u0142a na University of Wisconsin \u2013 Madison (USA).<br \/>\nBra\u0142a udzia\u0142 w dziesi\u0105tkach bada\u0144 empirycznych, tak\u017ce mi\u0119dzynarodowych. Kierowa\u0142a dwoma du\u017cymi projektamiKBN.<br \/>\nOpublikowa\u0142a 12 ksi\u0105\u017cek i ponad 60 artyku\u0142\u00f3w. W\u015br\u00f3d ksi\u0105\u017cek m. in. z Tadeuszem Szawielem ksi\u0105\u017ck\u0119 \u201cBudowanie demokracji\u201d (Wydawnictwo Naukowe\u00a0PWN\u00a02001) nagrodzon\u0105 przez Wydzia\u0142 I Nauk Spo\u0142ecznych\u00a0PAN\u00a0nagrod\u0105 w dziedzinie socjologii im. Ludwika Krzywickiego (drugie wydanie \u2013\u00a0PWN\u00a02003) oraz samodzielnie \u201ePodzia\u0142 postkomunistyczny. Spo\u0142eczne podstawy polityki w Polsce po 1989 roku\u201d (Wydawnictwo Naukowe\u00a0SCHOLAR\u00a02004) nagrodzon\u0105 przez miesi\u0119cznik i wydawnictwo Znak nagrod\u0105 im. ks. J\u00f3zefa Tischnera.<\/p>\n<\/div>\n<div>\n<div><img loading=\"lazy\" decoding=\"async\" src=\"http:\/\/www.ibpdem.edu.pl\/media\/foto\/wladze\/-1__jpg_65x100_q85.jpg\" alt=\"\" width=\"65\" height=\"86\" \/><\/div>\n<div>\n<h4>Krystyna Ewa Siellawa-Kolbowska<\/h4>\n<p>Socjolog, wsp\u00f3\u0142za\u0142o\u017cyciel i cz\u0142onek Zarz\u0105du fundacji Instytut Bada\u0144 nad Podstawami Demokracji. Kierownik pierwszego projektu zrealizowanego przez IBnPD, pt. Jak zdoby\u0107 m\u0142odzie\u017c dla demokracji? (1995-1997), sfinansowanego ze \u015brodk\u00f3w Academy for Educational Development (www.aed.org ). Cz\u0142onek mi\u0119dzynarodowych zespo\u0142\u00f3w badawczych: Social Identities in Transforming Societies: Russia and Poland (1998-2002), M\u0142odzi Polacy i Niemcy, bilans zamkni\u0119cia dekady (2001-2006), International Civic and Citizenship Education Study (2007-2009). Od 2000 r., ekspert i wsp\u00f3\u0142pracownik Instytutu Spraw Publicznych. W latach 1999 \u2013 2002 kierownik badania i badacz w ramach projektu badawczego pt. Drugi rok monitorowania reformy systemu o\u015bwiaty., zrealizowanego przez\u00a0ISP\u00a0(www.isp.org.pl ).<br \/>\nZainteresowania: problemy m\u0142odzie\u017cy, spo\u0142ecze\u0144stwo obywatelskie, edukacja obywatelska, pami\u0119\u0107 zbiorowa wsp\u00f3\u0142czesnych spo\u0142ecze\u0144stw.<br \/>\nDo 1998 roku pracownik naukowo-dydaktyczny Instytutu Socjologii Uniwersytetu Warszawskiego. Obecnie pracuje jako adiunkt w Katedrze Socjologii Wydzia\u0142u Nauk Humanistycznych Szko\u0142y G\u0142\u00f3wnej Gospodarstwa Wiejskiego w Warszawie. E-mail: krystyna_siellawa_kolbowska@sggw.pl<\/p>\n<p>Ostatnia publikacja: 2009, Europejski wymiar edukacji, red. Siellawa-Kolbowska Ewa, Warszawa, WydawnictwoSGGW, rozdzia\u0142y: Architektura unijnej polityki edukacyjnej. Instytucje, strategie, metody. oraz Partnerstwo publiczno-spo\u0142eczne w edukacji.<\/p>\n<\/div>\n<\/div>\n<div>\n<div><img loading=\"lazy\" decoding=\"async\" src=\"http:\/\/www.ibpdem.edu.pl\/media\/foto\/wladze\/-7__jpg_65x100_q85.jpg\" alt=\"\" width=\"65\" height=\"97\" \/><\/div>\n<div>\n<h4>Krzysztof Marian Kose\u0142a<\/h4>\n<p>Krzysztof Kose\u0142a \u2013 socjolog, profesor Uniwersytetu Warszawskiego, pracownik Instytutu Socjologii UW, prowadzi zaj\u0119cia z zakresu metodologii bada\u0144 socjologicznych oraz socjologii religii; wsp\u00f3\u0142za\u0142o\u017cyciel i cz\u0142onek Instytutu Bada\u0144 nad Podstawami Demokracji. G\u0142\u00f3wne dziedziny zainteresowa\u0144 to: socjologia m\u0142odzie\u017cy, socjologia religii, mi\u0119dzykrajowe badania por\u00f3wnawcze \u2013 szczeg\u00f3lnie w dziedzinie edukacji i wychowania. Kierownik polskiej cz\u0119\u015bci mi\u0119dzykrajowych bada\u0144 por\u00f3wnawczych: polsko-rosyjskich nad to\u017csamo\u015bciami spo\u0142ecznymi (1998 i 2002), polsko-niemieckich dotycz\u0105cych problematyki m\u0142odzie\u017cy (2001\/02). Narodowy koordynator w Polsce bada\u0144 osi\u0105gni\u0119\u0107 szkolnych uczni\u00f3w w dziedzinie edukacji obywatelskiej\u00a0CIVED\u00a0IEA\u00a0(2000) i trwaj\u0105cych obecnie International Civic and Citizenship Education Study (ICCSIEA). Te ostatnie badania organizuje Mi\u0119dzynarodowe Towarzystwo Edukacyjne (IEA), wspiera za\u015b Komisja Europejska UE.<\/p>\n<\/div>\n<\/div>\n<div>\n<div><img loading=\"lazy\" decoding=\"async\" src=\"http:\/\/www.ibpdem.edu.pl\/media\/foto\/wladze\/szawiel_JPG_65x100_q85.jpg\" alt=\"\" width=\"65\" height=\"97\" \/><\/div>\n<div>\n<h4>Tadeusz Szawiel<\/h4>\n<p>Socjolog, pracuje w Instytucie Socjologii Uniwersytetu Warszawskiego. Zajmuje si\u0119 teori\u0105 demokracji, spo\u0142ecze\u0144stwa obywatelskiego,\u00a0przemianami warto\u015bci i filozoficznymi podstawami nauk spolecznych.\u00a0 Cz\u0142onek redakcji \u201cCivitas. Studia z filozofii polityki\u201d (od 1997), cz\u0142onek Rady Fundacji\u00a0CBOS\u00a0w latach 2006-7.<\/p>\n<\/div>\n<\/div>\n","protected":false},"excerpt":{"rendered":"<p>Miros\u0142awa Helena Grabowska Miros\u0142awa Grabowska, doktor habilitowany. W okresie 1975-89 zwi\u0105zana z opozycj\u0105 demokratyczn\u0105 (m.in. w okresie 1982-89 cz\u0142onek redakcji podziemnego Kwartalnika Politycznego \u201cKrytyka\u201d). Od 1980 r. pracuje w Instytucie Sociologii Uniwersytetu Warszawskiego. Jest cz\u0142onkiem (za\u0142o\u017cycielem w 1995 roku) Instytutu &hellip; <a href=\"http:\/\/www.ibpdem.edu.pl\/?page_id=141\">Czytaj dalej <span class=\"meta-nav\">&rarr;<\/span><\/a><\/p>\n","protected":false},"author":1,"featured_media":0,"parent":138,"menu_order":0,"comment_status":"closed","ping_status":"open","template":"","meta":{"footnotes":""},"_links":{"self":[{"href":"http:\/\/www.ibpdem.edu.pl\/index.php?rest_route=\/wp\/v2\/pages\/141"}],"collection":[{"href":"http:\/\/www.ibpdem.edu.pl\/index.php?rest_route=\/wp\/v2\/pages"}],"about":[{"href":"http:\/\/www.ibpdem.edu.pl\/index.php?rest_route=\/wp\/v2\/types\/page"}],"author":[{"embeddable":true,"href":"http:\/\/www.ibpdem.edu.pl\/index.php?rest_route=\/wp\/v2\/users\/1"}],"replies":[{"embeddable":true,"href":"http:\/\/www.ibpdem.edu.pl\/index.php?rest_route=%2Fwp%2Fv2%2Fcomments&post=141"}],"version-history":[{"count":2,"href":"http:\/\/www.ibpdem.edu.pl\/index.php?rest_route=\/wp\/v2\/pages\/141\/revisions"}],"predecessor-version":[{"id":145,"href":"http:\/\/www.ibpdem.edu.pl\/index.php?rest_route=\/wp\/v2\/pages\/141\/revisions\/145"}],"up":[{"embeddable":true,"href":"http:\/\/www.ibpdem.edu.pl\/index.php?rest_route=\/wp\/v2\/pages\/138"}],"wp:attachment":[{"href":"http:\/\/www.ibpdem.edu.pl\/index.php?rest_route=%2Fwp%2Fv2%2Fmedia&parent=141"}],"curies":[{"name":"wp","href":"https:\/\/api.w.org\/{rel}","templated":true}]}}